{"id":44,"date":"2019-07-29T04:30:36","date_gmt":"2019-07-29T02:30:36","guid":{"rendered":"http:\/\/climateloggers.com\/mlng\/?page_id=44"},"modified":"2019-09-20T01:10:27","modified_gmt":"2019-09-19T23:10:27","slug":"contact","status":"publish","type":"page","link":"https:\/\/climateloggers.com\/mlng\/contact\/","title":{"rendered":"Formulario de contacto"},"content":{"rendered":"<h1><img loading=\"lazy\" class=\"size-full wp-image-120 alignright\" src=\"http:\/\/next.translogger.pl\/wp-content\/uploads\/2019\/05\/message-01-170px-1.png\" alt=\"\" width=\"178\" height=\"170\" \/>Formulario de contacto<\/h1>\n<p>El formulario permite contactar con el departamento de servicio al cliente de LAB-EL. La respuesta ser\u00e1 enviada por correo electr\u00f3nico. Proporcione su direcci\u00f3n de correo electr\u00f3nico de devoluci\u00f3n.<\/p>\n<p>El mensaje a LAB-EL tambi\u00e9n se puede enviar directamente a la direcci\u00f3n\u00a0 <img loading=\"lazy\" class=\"email-addr-img alignnone wp-image-117 size-full\" src=\"http:\/\/next.translogger.pl\/wp-content\/uploads\/2019\/05\/email-addr-info-01-c.png\" alt=\"\" width=\"108\" height=\"21\" \/><\/p>\n<div role=\"form\" class=\"wpcf7\" id=\"wpcf7-f43-o1\" lang=\"pl-PL\" dir=\"ltr\">\n<div class=\"screen-reader-response\"><\/div>\n<form action=\"\/mlng\/wp-json\/wp\/v2\/pages\/44#wpcf7-f43-o1\" method=\"post\" class=\"wpcf7-form\" novalidate=\"novalidate\">\n<div style=\"display: none;\">\n<input type=\"hidden\" name=\"_wpcf7\" value=\"43\" \/>\n<input type=\"hidden\" name=\"_wpcf7_version\" value=\"5.1.4\" \/>\n<input type=\"hidden\" name=\"_wpcf7_locale\" value=\"pl_PL\" \/>\n<input type=\"hidden\" name=\"_wpcf7_unit_tag\" value=\"wpcf7-f43-o1\" \/>\n<input type=\"hidden\" name=\"_wpcf7_container_post\" value=\"0\" \/>\n<input type=\"hidden\" name=\"g-recaptcha-response\" value=\"\" \/>\n<\/div>\n<p><label> Nombre<br \/>\n    <span class=\"wpcf7-form-control-wrap your-name\"><input type=\"text\" name=\"your-name\" value=\"\" size=\"40\" class=\"wpcf7-form-control wpcf7-text\" aria-invalid=\"false\" \/><\/span> <\/label><\/p>\n<p><label> Direcci\u00f3n de correo electr\u00f3nico (necesario)<br \/>\n    <span class=\"wpcf7-form-control-wrap your-email\"><input type=\"email\" name=\"your-email\" value=\"\" size=\"40\" class=\"wpcf7-form-control wpcf7-text wpcf7-email wpcf7-validates-as-required wpcf7-validates-as-email\" aria-required=\"true\" aria-invalid=\"false\" \/><\/span> <\/label><\/p>\n<p><label> Tema<br \/>\n    <span class=\"wpcf7-form-control-wrap your-subject\"><input type=\"text\" name=\"your-subject\" value=\"\" size=\"40\" class=\"wpcf7-form-control wpcf7-text\" aria-invalid=\"false\" \/><\/span> <\/label><\/p>\n<p><label> Mensaje<br \/>\n    <span class=\"wpcf7-form-control-wrap your-message\"><textarea name=\"your-message\" cols=\"40\" rows=\"10\" class=\"wpcf7-form-control wpcf7-textarea\" aria-invalid=\"false\"><\/textarea><\/span> <\/label><\/p>\n<p><input type=\"submit\" value=\"Enviar\" class=\"wpcf7-form-control wpcf7-submit\" \/><\/p>\n<div class=\"wpcf7-response-output wpcf7-display-none\"><\/div><\/form><\/div>\n","protected":false},"excerpt":{"rendered":"<p>Formulario de contacto El formulario permite contactar con el departamento de servicio al cliente de LAB-EL. La respuesta ser\u00e1 enviada por correo electr\u00f3nico. Proporcione su direcci\u00f3n de correo electr\u00f3nico de devoluci\u00f3n. El mensaje a LAB-EL tambi\u00e9n se puede enviar directamente a la direcci\u00f3n\u00a0<\/p>\n","protected":false},"author":2,"featured_media":0,"parent":0,"menu_order":0,"comment_status":"closed","ping_status":"closed","template":"","meta":[],"_links":{"self":[{"href":"https:\/\/climateloggers.com\/mlng\/wp-json\/wp\/v2\/pages\/44"}],"collection":[{"href":"https:\/\/climateloggers.com\/mlng\/wp-json\/wp\/v2\/pages"}],"about":[{"href":"https:\/\/climateloggers.com\/mlng\/wp-json\/wp\/v2\/types\/page"}],"author":[{"embeddable":true,"href":"https:\/\/climateloggers.com\/mlng\/wp-json\/wp\/v2\/users\/2"}],"replies":[{"embeddable":true,"href":"https:\/\/climateloggers.com\/mlng\/wp-json\/wp\/v2\/comments?post=44"}],"version-history":[{"count":5,"href":"https:\/\/climateloggers.com\/mlng\/wp-json\/wp\/v2\/pages\/44\/revisions"}],"predecessor-version":[{"id":272,"href":"https:\/\/climateloggers.com\/mlng\/wp-json\/wp\/v2\/pages\/44\/revisions\/272"}],"wp:attachment":[{"href":"https:\/\/climateloggers.com\/mlng\/wp-json\/wp\/v2\/media?parent=44"}],"curies":[{"name":"wp","href":"https:\/\/api.w.org\/{rel}","templated":true}]}}